 the thousands digit of 20445212?
5
What is the units digit of 257958993?
3
What is the ten thousands digit of 112218323?
1
What is the thousands digit of 6812119614?
9
What is the thousands digit of 540321572?
1
What is the thousands digit of 673345828?
5
What is the hundreds digit of 2069742469?
4
What is the ten thousands digit of 334006490?
0
What is the hundred millions digit of 109127201?
1
What is the tens digit of 15750505?
0
What is the units digit of 642590237?
7
What is the hundred thousands digit of 184413490?
4
What is the ten millions digit of 349335700?
4
What is the units digit of 270651693?
3
What is the ten millions digit of 6834544486?
3
What is the units digit of 3287386349?
9
What is the hundred thousands digit of 465444607?
4
What is the billions digit of 1117877835?
1
What is the millions digit of 628489919?
8
What is the ten thousands digit of 90578722?
7
What is the billions digit of 4012552775?
4
What is the units digit of 28837451?
1
What is the millions digit of 30881231?
0
What is the billions digit of 7423247366?
7
What is the units digit of 88459442?
2
What is the ten thousands digit of 705940173?
4
What is the ten thousands digit of 1452362543?
6
What is the hundreds digit of 3668689039?
0
What is the millions digit of 56226118?
6
What is the tens digit of 46333834?
3
What is the hundred millions digit of 104871336?
1
What is the tens digit of 5065012004?
0
What is the units digit of 1215720259?
9
What is the ten millions digit of 2600070695?
0
What is the millions digit of 3438373?
3
What is the hundreds digit of 707903?
9
What is the ten millions digit of 106362551?
0
What is the hundred millions digit of 238411479?
2
What is the ten millions digit of 173951264?
7
What is the ten thousands digit of 1000982800?
8
What is the units digit of 613672177?
7
What is the hundreds digit of 2544148601?
6
What is the ten thousands digit of 5590966656?
6
What is the units digit of 233895813?
3
What is the hundreds digit of 444743364?
3
What is the millions digit of 72297067?
2
What is the ten thousands digit of 348077126?
7
What is the hundred millions digit of 1586285402?
5
What is the units digit of 893469650?
0
What is the ten thousands digit of 2269634759?
3
What is the hundred thousands digit of 927486327?
4
What is the millions digit of 49004570?
9
What is the ten thousands digit of 52683004?
8
What is the millions digit of 58519851?
8
What is the ten millions digit of 183787526?
8
What is the hundreds digit of 331973151?
1
What is the millions digit of 4268484127?
8
What is the hundred millions digit of 2159813312?
1
What is the tens digit of 42581682?
8
What is the ten thousands digit of 699697004?
9
What is the millions digit of 455194644?
5
What is the ten millions digit of 194112537?
9
What is the units digit of 866014651?
1
What is the ten millions digit of 1142227559?
4
What is the hundreds digit of 26167142?
1
What is the hundred thousands digit of 358801379?
8
What is the tens digit of 35125074?
7
What is the units digit of 48665192?
2
What is the billions digit of 2102523584?
2
What is the tens digit of 425100632?
3
What is the hundred millions digit of 9268067378?
2
What is the ten millions digit of 297297547?
9
What is the units digit of 2898800406?
6
What is the hundred millions digit of 167566976?
1
What is the ten millions digit of 54598934?
5
What is the hundred thousands digit of 721721059?
7
What is the billions digit of 1065914117?
1
What is the millions digit of 18023165?
8
What is the hundred thousands digit of 180031198?
0
What is the thousands digit of 3781050185?
0
What is the ten millions digit of 166543115?
6
What is the hundred thousands digit of 784443615?
4
What is the hundreds digit of 2231247024?
0
What is the thousands digit of 677788952?
8
What is the millions digit of 219425824?
9
What is the hundred thousands digit of 600274605?
2
What is the hundred thousands digit of 633904222?
9
What is the millions digit of 551695264?
1
What is the hundred thousands digit of 1770791789?
7
What is the hundred thousands digit of 68028316?
0
What is the thousands digit of 130280055?
0
What is the ten thousands digit of 4064196852?
9
What is the ten millions digit of 88930471?
8
What is the units digit of 1912586520?
0
What is the hundreds digit of 134268673?
6
What is the ten millions digit of 44731927?
4
What is the units digit of 662741742?
2
What is the units digit of 18420826?
6
What is the hundred millions digit of 118027704?
1
What is the hundred thousands digit of 394897798?
8
What is the ten millions digit of 1368199130?
6
What is the ten thousands digit of 343350645?
5
What is the tens digit of 99154898?
9
What is the millions digit of 2116423433?
6
What is the hundred thousands digit of 468621754?
6
What is the hundred millions digit of 220286231?
2
What is the ten millions digit of 96629528?
9
What is the ten thousands digit of 1337729770?
2
What is the hundreds digit of 109991245?
2
What is the tens digit of 123039757?
5
What is the units digit of 20973645?
5
What is the thousands digit of 42427356?
7
What is the ten thousands digit of 1465300099?
0
What is the ten millions digit of 3946956407?
4
What is the hundred thousands digit of 380588811?
5
What is the ten thousands digit of 42862894?
6
What is the millions digit of 95379428?
5
What is the hundreds digit of 899301752?
7
What is the hundreds digit of 360430955?
9
What is the tens digit of 184796723?
2
What is the ten millions digit of 59976155?
5
What is the units digit of 2559629571?
1
What is the ten thousands digit of 40039869?
3
What is the units digit of 88283699?
9
What is the ten thousands digit of 366443444?
4
What is the thousands digit of 374751098?
1
What is the units digit of 3457231973?
3
What is the hundreds digit of 6105175696?
6
What is the ten thousands digit of 505063654?
6
What is the thousands digit of 662344876?
4
What is the units digit of 195694039?
9
What is the units digit of 19511935?
5
What is the hundreds digit of 2022128832?
8
What is the units digit of 232348691?
1
What is the hundred thousands digit of 343109886?
1
What is the hundred millions digit of 1201542499?
2
What is the hundred thousands digit of 37192992?
1
What is the ten millions digit of 1446570982?
4
What is the ten thousands digit of 119274318?
7
What is the thousands digit of 92751602?
1
What is the millions digit of 287546987?
7
What is the units digit of 234710769?
9
What is the ten millions digit of 151598417?
5
What is the tens digit of 761431510?
1
What is the ten thousands digit of 136227219?
2
What is the thousands digit of 112916849?
6
What is the units digit of 5578262804?
4
What is the units digit of 82233239?
9
What is the ten thousands digit of 315631617?
3
What is the millions digit of 15845296?
5
What is the hundred millions digit of 659880448?
6
What is the units digit of 487934880?
0
What is the hundred thousands digit of 12062751?
0
What is the units digit of 69390344?
4
What is the units digit of 351254660?
0
What is the units digit of 3835082027?
7
What is the billions digit of 3858871933?
3
What is the hundred thousands digit of 942465497?
4
What is the units digit of 25879092?
2
What is the ten millions digit of 775599227?
7
What is the hundred thousands digit of 45117038?
1
What is the hundred thousands digit of 294881273?
8
What is the thousands digit of 345110604?
0
What is the ten millions digit of 77852046?
7
What is the ten millions digit of 185559600?
8
What is the hundreds digit of 52408270?
2
What is the tens digit of 95501064?
6
What is the hundreds digit of 575145389?
3
What is the thousands digit of 135100499?
0
What is the ten thousands digit of 33598940?
9
What is the millions digit of 16289758?
6
What is the hundred thousands digit of 925682365?
6
What is the ten thousands digit of 61389801?
8
What is the hundred thousands digit of 2985293949?
2
What is the millions digit of 236203074?
6
What is the ten thousands digit of 158491615?
9
What is the hundreds digit of 430639508?
5
What is the thousands digit of 159301331?
1
What is the ten thousands digit of 62162990?
6
What is the thousands digit of 5488051764?
1
What is the tens digit of 201342712?
1
What is the ten millions digit of 124511318?
2